2 + d + 1. Let f(m) = 4*m**2 + 9*m + 3. Let g(i) = -f(i) + 3*y(i). Give g(-6).
0
Let c(z) = -z**2 + z + 1. Let q(u) = -4*u**2 - 5*u - 7. Let y(d) = 6*c(d) + q(d). Suppose 15 = -3*h, -5*g - 6*h + h - 20 = 0. Determine y(g).
-10
Suppose -15 = 5*t - 5*n, -t - 8*n = -4*n - 22. Let v(p) be the third derivative of -1/12*p**4 + 0 + 0*p + 2*p**t + 1/60*p**5 - 2/3*p**3. Give v(3).
-1
Let f(s) = -2*s + 8. Let t(n) = -2*n**2 + 39*n - 12. Let r be t(19). Determine f(r).
-6
Let j(p) = 53 + p - 26 - 26 + 2*p**2. Let d(f) = -f**2 - 5*f + 2. Let l be d(-5). Suppose 2*h + 4 = -l*h. What is j(h)?
2
Let x(t) = 3*t**3 + 2*t**2 + 4*t - 3. Let k(a) = 10*a**3 + 5*a**2 + 13*a - 10. Let q(d) = 2*k(d) - 7*x(d). Let u = 4 - 4. Let n = u + -3. What is q(n)?
-2
Let c(f) = f**2 + 2*f. Let z be (-16)/6 - 11/33. Determine c(z).
3
Let i(q) be the first derivative of -q**2/2 + q + 7. Let a be (0 + 3)*(2 + 1). Let j(x) = 3*x - 3. Let p(g) = a*i(g) + 4*j(g). What is p(3)?
6
Let j(t) be the third derivative of t**4/24 + t**3/6 - 17*t**2. What is j(4)?
5
Let j be 1*(-1 - (-3 + 1)). Let s(d) be the second derivative of 1/6*d**3 + 0 + 3/20*d**5 + 1/12*d**4 + 2*d - 1/2*d**2. Determine s(j).
4
Let r(t) be the first derivative of -9*t**4/4 + 2*t**3/3 - t**2/2 - 6. What is r(1)?
-8
Suppose -8 + 10 = 2*n. Let z(r) = -5*r. Let i be z(n). Let y(m) = -m**2 - 7*m + 2. Give y(i).
12
Let u(z) = -292*z + 144*z + 149*z. Calculate u(-7).
-7
Let i(v) be the first derivative of -v**3/3 - 2*v**2 - 2*v + 6. Suppose -4*t + 4*f = 16, f + 12 = -2*t - f. What is i(t)?
-7
Let y(f) = f**2 - 6*f**3 + 2*f**3 + 3*f**3. Let d = 101 + -102. Determine y(d).
2
Let l be 4/(-3)*6/(-4). Let d(s) = -1 - 2*s + 3*s - l. Determine d(0).
-3
Let p(z) be the first derivative of -z**2/2 + 6*z + 8. What is p(6)?
0
Let y(l) = -l**3 + 7*l**2 - 5*l + 5. Let b be 0 + (3 + -9)/(-1). Determine y(b).
11
Suppose 0 = -5*b - 2*j - 41, 3*j + 14 = 5. Let g be (15/6)/(3/6). Let l = b + g. Let o(m) = -m**3 - m**2 + 2. Calculate o(l).
6
Let v(d) = -d - 6. Let b be v(-6). Let a be 1*2/(-7)*-7. Let z(q) = 2 - a - 7 - q**2 - q. Determine z(b).
-7
Let z(m) be the first derivative of m**4/4 - 4*m**3/3 - m - 8. Determine z(3).
-10
Suppose -2*o = 3*o - 20. Let d(i) = i**2 - 5*i - 2. Give d(o).
-6
Let u be 4/6*117/26. Let x be 38/14 + 6/21. Let b(n) = n**3 + u + n**2 + n**2 + 2*n - 2*n**x. Give b(3).
0
Let i(d) = -4*d + 1 - d**2 + 5*d + 3*d. What is i(6)?
-11
Let y(h) = -2*h**2 - 4*h + 2. Let p(w) = w**3 + 4*w**2 - 11*w + 2. Let q be p(-6). Give y(q).
-14
Let r(n) = -2*n - 1. Let c be (-2)/(-2 + 0)*1. Calculate r(c).
-3
Suppose 8 = -3*s + 2. Let y be ((-2)/3)/(s/21). Suppose -6 = o + y*x - 5*x, 4*o - 3*x = 9. Let a(c) = -c**3 - c**2 + 7. Calculate a(o).
7
Suppose -5*k + 20 = 3*p, 5*k = 2*k - p + 12. Let w(m) = -m**2 + 4*m + 4. What is w(k)?
4
Let f(h) = -h - 3. Let c be f(-3). Let s(m) = m - 3. Calculate s(c).
-3
Let k(v) = -2 + 4 + 0 - 9*v + 11*v - 2*v**2. What is k(3)?
-10
Let v(g) be the first derivative of -g**3/3 + 3*g**2 - 4*g - 3. What is v(5)?
1
Let l(j) = 2 + 0 - 207*j + 206*j. Determine l(-5).
7
Let v(j) be the second derivative of 1/3*j**4 + j + 1/6*j**3 + 0 - 1/20*j**5 + 0*j**2. Let n be v(4). Let z(m) = m**2 - 4*m + 6. Calculate z(n).
6
Let v be 1 - (0 + -2 + 1). Let p = v - 0. Let h(o) = o**3 + 6 - 2 - 4*o**2 - p*o**3. Calculate h(-3).
-5
Let d(r) = r**3 + 10*r**2 + 14*r - 11. Let l be d(-8). Let q(c) = c - 7. Calculate q(l).
-2
Let k(s) be the second derivative of -s**7/2520 + s**6/360 + 7*s**5/120 + s**4/6 + 2*s. Let w(g) be the third derivative of k(g). Calculate w(5).
-8
Let o(d) = -8*d + 27. Let i(c) = -3*c + 9. Let v(j) = 11*i(j) - 4*o(j). Determine v(-11).
2
Let w(z) = 3*z + 14. Let q(s) = 5*s + 21. Let h(j) = 25*j + 105. Let i(n) = -2*h(n) + 11*q(n). Let l(a) = 5*i(a) - 8*w(a). Let p = -1 + 1. What is l(p)?
-7
Let y be (1 + 15)*3/(-6). Let j(q) = -3*q + 11. Let a(z) = 2*z - 7. Let u = 5 - 10. Let i(g) = u*j(g) + y*a(g). What is i(6)?
-5
Let n be -4 - (0 + (-2 - 2)). Let y(h) = h**2 - h - 3. What is y(n)?
-3
Suppose -q + 0*q = -c + 2, 2*q - 4*c + 10 = 0. Let f(h) = h - 4 + 4 - q. Let i be -2 + 8/4 + 1. Determine f(i).
0
Let i = -26 + 17. Let x = 12 + i. Let t(c) = -c**3 + 3*c**2 - 3*c + 2. Give t(x).
-7
Let k(c) = -c**3 - 3*c**2 + 2. Let h = -11 + 5. Let b be (5 - -1)/(h/(-28)). Let a be b/(-35)*(-10)/(-4). Give k(a).
-2
Let s(k) = k**2 + 5 - 3 - 5*k - 2*k**2 + 4. Calculate s(-6).
0
Let s(z) = 0 + 3*z - 5 + z**2 - 8*z. Suppose 2*h - 14 + 2 = 0. Give s(h).
1
Let x(k) = -k + 5. Let l be 46/14 + 4/(-14). Suppose 2 = -2*o + 6. Suppose -f = -2*j - 2, -j - o*j - l = -3*f. Give x(f).
5
Let d(w) = w**3 + w**2 + w + 3. Let l be d(0). Let v(b) = 6*b - l*b - 7 - 4*b. Determine v(-5).
-2
Let g(i) be the third derivative of -i**5/60 - i**4/2 - 4*i**3/3 - 46*i**2 + i. Calculate g(-12).
-8
Suppose i - 2*s + 1 = 6, s = 3*i - 10. Let w(p) = p**2 - 2*p + 2. Calculate w(i).
5
Let t(n) = -6*n**3 - 7*n**2 - 4. Let l(f) = 6*f**3 + 6*f**2 + 3. Let r(b) = 5*l(b) + 4*t(b). Give r(-1).
-5
Let i(g) = 2*g. Let b(c) = 4*c. Let y(f) = -3*b(f) + 5*i(f). Suppose 5*r - 2*z + 5 = 0, -5*r - 30 = 2*z - 5. Let s = -4 - r. Calculate y(s).
2
Let l be 4/(-10) - 40/(-100). Let m(f) = -f - 8. Give m(l).
-8
Let k(r) = -r - 1. Let g(t) be the first derivative of 0 + 6*t + 2 + 2*t**2 - 3*t - 6. Let d(n) = 2*g(n) + 6*k(n). Calculate d(4).
8
Let i(r) be the second derivative of r**6/180 - r**5/20 + r**4/24 + 7*r**3/6 - 6*r. Let p(o) be the second derivative of i(o). What is p(4)?
9
Suppose 2*w - 2*b = 0, 5*b = w - 4 - 0. Let q = w - -8. Let a(k) = -k**3 - 5*k**3 + 4*k**2 + q*k**3. What is a(-4)?
0
Let p(n) = 2*n + 3. Suppose -x + 5 = x - 3*k, -2*k = -5*x + 29. What is p(x)?
17
Let m be 38 - (2 - 3)*-4. Suppose -14 + m = 4*l. Let n(x) = -x**3 + 6*x**2 - 2*x - 6. What is n(l)?
9
Suppose t - 24 = 4*t. Let l be (6/4)/((-4)/t). Let w(r) = -r**3 - 3*r**2 + 5*r - 4. Let y(b) = b**2. Let s(v) = w(v) + 5*y(v). Calculate s(l).
2
Let b(k) be the second derivative of -k**3/6 - 5*k**2/2 - 8*k. Give b(-5).
0
Suppose 5*i - 28 = i. Let p(q) = q**2 - 6*q + 5. Give p(i).
12
Suppose 0*i = -5*i + 5. Let j = 4 + i. Let d = 6 - j. Let m(q) = 4*q**2 + 1. What is m(d)?
5
Let i(p) = 2*p**3 - 3*p**2 + 1. Let r be (-2)/(-2) + (-1 - -3). Let a be (-2)/r - (-16)/(-3). Let s be (-2 + 1)*a/3. Determine i(s).
5
Let h(s) = -s**3 + 3*s**2 - 1. Let z = 6 - 2. Suppose z = -3*m - 5. Let f = m - -6. Give h(f).
-1
Let f(h) = -1 - 2*h**2 + 14*h**2 + 5 - h**2 + h**3. Let p be f(-11). Let x(q) = q**2 - 3*q + 1. Determine x(p).
5
Let q(p) be the first derivative of p**3/3 + 2*p**2 - 7*p - 2. Let l = -51 + 45. Give q(l).
5
Let t be 3/(-12)*0 - -1. Let o(a) = -2*a**2 - a + 2*a - t + 3*a**2 - 7*a. Suppose -3*c - c = -24. Calculate o(c).
-1
Let c(n) = -2*n**2 + n + 1. Suppose -32 = 6*p - 2*p. Let h be ((-1)/2)/(4/p). Let b be (2/h)/2 + -3. Give c(b).
-9
Let n(y) = 5*y**3 - 3*y**2 + 2*y - 3. Let s(h) = -6*h**3 + 3*h**2 - 2*h + 4. Let z(j) = 5*n(j) + 4*s(j). Suppose -4*b = -2 - 6. Give z(b).
1
Let n(a) be the third derivative of -1/6*a**4 + 0 + 1/60*a**5 + 0*a - a**2 + 1/6*a**3. Suppose -34 - 16 = -10*g. What is n(g)?
6
Let b(t) be the first derivative of -t**4/4 + t**3 - 5*t**2/2 + 4*t + 9. Give b(3).
-11
Let u(v) = -v**3 + 7*v**2. Let o be u(7). Let i(n) = -n**2 + n + 5. Let r be i(o). Let d(x) = x**2 - 2*x - 7. What is d(r)?
8
Suppose -4*a = -7*a. Let h = a - -2. Let g(p) = 2*p**3 - 3*p**2 + 3*p - 2. Let z(v) = -10*v**3 + 15*v**2 - 16*v + 10. Let r(c) = -11*g(c) - 2*z(c). Give r(h).
-4
Let a(s) = s**3 - 4*s**2 - 3*s - 4. Let j be a(5). Let c(q) be the second derivative of -q**3/6 - 15*q. Determine c(j).
-6
Let c(d) = 6*d - 2. Suppose 9*u = 13*u + 8. Give c(u).
-14
Let z(h) be the first derivative of -h**4 + 4*h**3/3 - 9*h**2/2 + 9. Let q(y) = 11*y**3 - 13*y**2 + 26*y + 1. Let r(k) = -3*q(k) - 8*z(k). Calculate r(6).
-3
Let v(p) be the second derivative of p**4/12 - p**3 + 2*p**2 + 15*p. Determine v(4).
-4
Let l = -8 - -14. Let n(y) = 0*y**3 + 6*y - 18*y**2 + 0*y**3 + 23*y**2 - y**3 + 3. Calculate n(l).
3
Let v(g) be the third derivative of 4*g**2 + 5/24*g**4 + 0*g - 1/3*g**3 + 0. Give v(-2).
-12
Let u(w) = -w - 3. Let y be u(3). Let p(s) = -s**3 - 5*s**2 + 9*s + 7. Determine p(y).
-11
Let l(u) = -3*u**2 + 4*u - 9